r). Let v(s) = 3*s + 4. Let p(y) = -2*y - 4. Let q(u) = 4*p(u) + 3*v(u). Calculate q(t).
0
Let t(n) = 8*n**2 + 3*n**2 - 6*n - 3*n**2 + 7*n. Let c(p) = 7*p**2 + p. Let d(b) = 7*c(b) - 6*t(b). What is d(-1)?
0
Let u(s) = 50*s - 3*s**2 - 33*s + 3 + s**3 + 3 - 23*s. Determine u(4).
-2
Let j(n) be the second derivative of n**4/12 - 5*n**3/6 - 5*n**2/2 + 54*n. Determine j(7).
9
Let j(y) be the first derivative of -y**6/15 + y**4/24 - y**3/6 - 2*y**2 - 1. Let f(s) be the second derivative of j(s). What is f(1)?
-8
Suppose 0 = -0*x + x - w + 6, -3*x - 18 = 3*w. Let n(k) = -k**2 - 5*k + 7. Give n(x).
1
Let b be 4/(-6) - 2/(-3). Let v(h) = -h**2 + 4*h + 3. Let s(g) = 9*g - 7*g**2 - 4*g**2 + 7 + 5*g**2 + 4*g**2. Let m(t) = 3*s(t) - 7*v(t). Calculate m(b).
0
Let l(s) = -s**3 + 11*s**2 + 12*s + 14. Let d(y) = y**3 - 10*y**2 - 11*y - 13. Let g(h) = 7*d(h) + 6*l(h). Let a(j) = 2*j - 1. Let f be a(3). Give g(f).
-7
Let f(n) be the first derivative of -n**2 + 8*n + 10. What is f(6)?
-4
Let s = -21 + 21. Let g(y) be the second derivative of -1/2*y**2 + y - 1/3*y**3 + s + 1/12*y**4. Calculate g(4).
7
Let l(j) = -j**3 + j**2 - 4. Suppose -s = -2*s. Let i be l(s). Let k(g) = g + 9. What is k(i)?
5
Let g(i) = -7*i**3 + i**2 + 6*i + 5. Let o(v) = 15*v**3 - 2*v**2 - 13*v - 11. Let r(l) = -13*g(l) - 6*o(l). Determine r(1).
1
Let m(x) = -x**2 - 11*x - 8. Let l be m(-8). Suppose 7 - l = -3*h. Let s(g) = g**3 - 4*g**2 + 2*g - 3. Determine s(h).
-6
Let q(v) = -v - 1. Let a = 5 + -11. Determine q(a).
5
Let k = -14 + 19. Let h(d) = -2*d + 8*d + k*d**2 - d**2 - 3*d**2 + 4. Suppose 0 = -4*r - 12 - 4. Give h(r).
-4
Let u(c) = -c**3 + c**2 - 1. Let y(o) = -3*o**3 - o**2 - 2*o - 3. Let v(s) = 2*u(s) - y(s). Give v(-2).
1
Suppose 2*l - 4 = c, -l + 12 = -2*c + 4*l. Let o(s) = -s + 8. Let k be o(4). Let a(z) = -4 - 5*z + z**2 + k + 1. Give a(c).
-3
Let m(a) = a**3 + 6*a**2 - 6. Let c be m(-6). Let s be c/(-21) + 27/(-21). Let r(z) = z**3 + z. Calculate r(s).
-2
Let k(j) = j**2 - 7*j + 2. Let m(b) = 5*b**3 + b**2. Let d be (0 - 3/(-6))*2. Let g be m(d). What is k(g)?
-4
Let f(q) be the first derivative of -1/20*q**5 - 2 + 0*q**2 + 0*q + 1/3*q**3 - 1/24*q**4 - 1/360*q**6. Let v(o) be the third derivative of f(o). Give v(-3).
8
Let m(u) = u + 5. Let q(r) = r**2 - 7*r + 3. Let o be q(7). Suppose 4*b = d + 3*b + 5, 0 = -o*d + 2*b - 17. Let y be (d + 2)*(0 - -1). What is m(y)?
0
Suppose 4*b + 5 = -b. Let u(n) = n**3 + 3*n**2 + n. Let a be u(b). Let i(l) = 5*l**3 + l**2 - 1. What is i(a)?
5
Let b = -4 - 1. Let a = -4 - b. Let u(p) = -2*p**3 - p**2 + 2*p - 1. Calculate u(a).
-2
Let i(j) = j**3 - 5*j**2 - 7*j + 6. Let u be -4 + 7/1 - -3. What is i(u)?
0
Let j(d) = -6*d + 2. Suppose 3*f = 9*f + 102. Let g = f - -19. Calculate j(g).
-10
Let d(u) be the second derivative of -u**4/12 + u**3/6 - u**2 - u. Determine d(-2).
-8
Let u(h) = -h - 7. Let z be 1/(-2)*(-21 - -3). Let r = -13 + z. Determine u(r).
-3
Let x(z) = 2*z**3 - 6*z**2 + 7. Let h(v) = v**3 - 5*v**2 + 6. Let a(y) = 7*h(y) - 6*x(y). Let f(b) = b**2 - b + 1. Let p be f(1). Determine a(p).
-4
Suppose -18 = -3*h - 3. Let b(f) = -2*f - 5. Let x(m) = 5*m + 15. Let y(q) = 8*b(q) + 3*x(q). What is y(h)?
0
Let x(i) = -i**3 + 9*i**2 - 3*i + 1. Let r(d) = -d**2 - 1. Let y(t) = -4*r(t) - x(t). Let b be -7*7/((-98)/(-12)). Let o = -2 - b. What is y(o)?
-1
Let x be (2 + 2)/((-2)/(-2)). Suppose -x*n + 6 = -6. Let d(y) = -4*y**3 + 4*y**2 + 2*y**2 + 3*y**n + 6. Give d(6).
6
Suppose -6 + 3 = 3*a. Let j(i) = i - 36 + 68 - 34 - 2*i. Determine j(a).
-1
Suppose -5*k + 2*i = 21, -14 = 4*k - 4*i + 10. Let v(m) = -m**3 + 3*m - 1. What is v(k)?
17
Suppose 5*i - s = 4 + 1, -2*i - s + 9 = 0. Let q be (-3 - i)*(-12)/(-10). Let u(f) = 2 - 2*f + f + 0*f. Calculate u(q).
8
Let c(v) = -v + 4. Let a(l) = -l + 10. Let m be a(5). Let d be (1 - 0)/(1/m). Let j(u) = u**3 - 4*u**2 - 4*u. Let z be j(d). Calculate c(z).
-1
Let q(x) = x - 2. Let j(l) = -l**2 + 9*l - 9. Let o be -1*5*7/(-5). Let r be j(o). Give q(r).
3
Let o = -2 + 12. Let q = o + -7. Let w(z) = z**3 - 5*z + 3. Let h(j) = j**3 + j**2 - 6*j + 3. Let n(m) = 2*h(m) - 3*w(m). Give n(q).
-3
Let b = 6 + -4. Let n be (-6)/2 + b + -1. Let f(g) = -2*g**3 - 3*g**2 - g - 2. What is f(n)?
4
Let o(s) = -3*s**2 + 2*s + 5. Let w(a) = -2*a**2 + a + 3. Let u(p) = 5*o(p) - 8*w(p). Let r be 16/(-2)*1/2. Determine u(r).
9
Let w be (1 - -6)*(-8)/(-28). Let u(i) = -3*i**2 - 3*i + 3. Calculate u(w).
-15
Let o(y) = -y - 5. Let k be o(-6). Let i be 1 - 1/(-2)*2. Let q(t) = 4*t**i - 5*t**2 + 2 + 8*t**3 + t - 3. Determine q(k).
7
Let c(p) = -5*p**3 + p + 1. Suppose -19 = 4*a + 5*v, -4*a + 8 = -0*v - 4*v. Calculate c(a).
5
Let v = -2 + 5. Suppose -2*q + v = -5. Let b(f) = -f**3 + 5*f**2 - 4*f. Calculate b(q).
0
Let k be 2/(-9) + (-2)/(-9). Let w = 2 - k. Let i(m) = -4*m**2 - 6*m + 4 + 4*m**w + m**2. What is i(5)?
-1
Let j(h) = -3 - h + 1 + 0 + 3 + h**2. Let r(s) = -4*s**2 + 5*s - 10. Let x(k) = 5*j(k) + r(k). Determine x(0).
-5
Let j(i) be the first derivative of -i**2/2 - i - 1. Suppose -3*r - 8 - 10 = -2*c, 2*c + r = 2. Determine j(c).
-4
Let i(c) be the third derivative of 0*c - 1/24*c**4 - 1/120*c**6 + 1/6*c**3 - 3*c**2 + 0 - 1/60*c**5. What is i(1)?
-2
Let l(w) = -w**2 - w**2 - 6 + w**2 - 7*w. Suppose d = 5*t - 5 + 32, -3*d = -t + 3. Give l(t).
0
Let c(a) = -21 - a**2 + 52 + 6*a - 23. Determine c(6).
8
Let s(j) = -j + 8. Let f(q) = -q + 2. Let k(h) = -2*f(h) + s(h). Give k(-4).
0
Let x(p) = -p**2. Let v(a) = 3*a**2 - 4*a - 1. Let w(j) = v(j) + 2*x(j). Suppose -4*d = 4*f - 8 - 4, -3*f - 31 = -5*d. Calculate w(d).
4
Let a(m) = -4*m. Suppose -25 = -2*y + 7*y. Let r = 13 + y. Suppose 0 = r*u - 3*u + 5. Calculate a(u).
4
Suppose 2*z = -3*g + 6, 0 = z - 3*g - 5 + 2. Let s(c) = 0*c + 0 - 2 + 3*c. What is s(z)?
7
Let z(g) = g**2 + 5*g + 5. Suppose -16 = 3*h + 5. Let l = -11 - h. Determine z(l).
1
Let l(b) = -b**3 + 3*b**2 + 4*b + 3. Suppose 4*i - 3*i = 0. Suppose -2*o = -4*o + 4*z - 8, i = -3*o - 4*z + 28. Give l(o).
3
Let t(z) = z - 9. Let h be t(10). Let f(x) = -11*x**2 + x. Give f(h).
-10
Let j(x) be the second derivative of -5*x**4/12 - x**3/6 - 4*x. Calculate j(1).
-6
Let y(k) = k**3 - 7*k**2 + 5*k + 7. Let r(b) = -3*b - 3. Let l(i) = -6*i - 5. Let w(h) = -3*l(h) + 5*r(h). Let g be w(2). Calculate y(g).
1
Let k(p) be the third derivative of -1/2*p**4 + 0*p**3 + 0 + 7*p**2 + 0*p. Calculate k(-1).
12
Let i = -30 - -32. Let t(l) be the second derivative of l**6/180 - l**5/30 + l**4/12 - l**3/3 + 2*l. Let x(k) be the second derivative of t(k). Give x(i).
2
Let j = -6 - -11. Let k(y) = 4*y**2 - 2*y + 7 + j*y**3 - 4 - 6*y**3. Calculate k(2).
7
Let a(j) = -3*j + 1. Let l(d) = 16*d - 4. Let q(h) = 11*a(h) + 2*l(h). Determine q(7).
-4
Let d be -4 + (46 - 2)/4. Let z(t) = -t - 7. What is z(d)?
-14
Let q(k) be the second derivative of -k**5/20 + k**4/4 - 2*k**2 + 7*k. Let z(w) = w - 3 - w**3 + 3*w**2 + 2*w - w. Let j be z(3). Determine q(j).
-4
Suppose -2*g = 3 - 11. Suppose g*n = 3*n. Let v be n + 1 + (-3 - 0). Let q(l) = l**3 + 3*l**2 + 2*l. Give q(v).
0
Suppose 2*x + 2 = 8. Suppose 5*f + x - 8 = 0. Let k(t) = -6*t**2 + t + 0 + 0. Determine k(f).
-5
Suppose 2*l - 2 = -16. Let q = 9 + l. Suppose 2*a = 3*t - 8*t + q, -t - 1 = -a. Let d(u) = -8*u**3 + 2*u**2 - u. What is d(a)?
-7
Let c = 12 - 8. Suppose 22 = 3*f + c. Let j(y) = y**2 - 7*y + 9. Determine j(f).
3
Let m be 9/(-9) + 1 + 1. Let i(v) = v**2 + 2*v + 2 + 4*v**2 + v**3 + 4 - m. Suppose -4*d - 16 = 4. What is i(d)?
-5
Let v(y) be the first derivative of -3*y**2 + y - 7. Give v(1).
-5
Let a(y) = -y**3 - 4*y**2 + 3*y - 5. Suppose -19 = 5*t + 6. Determine a(t).
5
Let u(j) = 4*j - 2*j**3 - 7*j**3 + j**3 + j**2 - 3*j. Let b be (-10 + 1)*(-4)/6. Suppose -5*r - c - b + 4 = 0, 15 = 5*c. What is u(r)?
8
Let i(u) be the first derivative of u**3/3 - 3*u**2/2 - 5*u + 26. What is i(4)?
-1
Let o(s) = s - 3. Suppose 4*t - 14 - 66 = 0. Let x be (-33)/(-5) - 12/t. Give o(x).
3
Let t be 3*4/(-6) + 5. Let i be -1 + 0 + 3 + t. Let s(c) = -c**3 - 4*c**2 - 4 - 1 + 3 + i*c. What is s(-5)?
-2
Suppose -9 + 0 = -3*i. Let w(o) = 1 + 2*o**i + 3*o**3 - 8*o**3. Let h be 0 + 1 + 0/1. Give w(h).
-2
Let a(n) = n + 4. Let t(b) = b + 4. Let d(v) = -3*a(v) + 4*t(v). Suppose 2*c = 7*c - 20. Suppose 3*l + 4*w + 21 = 0, -